ve of v**4/12 - 7*v**3/6 + 3*v**2 + v. Calculate w(a).
-4
Let f(b) be the first derivative of -b**5/20 - b**4/2 - 2*b**3/3 + 2*b**2 + 15*b + 20. Let v(l) be the first derivative of f(l). Give v(-5).
-1
Let t = -30 - -32. Let l = 4 + -4. Suppose t*b = -l*b + 2*u + 4, b - 2*u = -2. Let c(q) = -q**2 + 6*q - 7. What is c(b)?
-7
Suppose 0 = i - o - 4*o - 9, o + 27 = 3*i. Let x(s) = 10*s**3 - 7*s**2 + 2*s**2 - 2*s + 2*s**2 - i*s**3. Let a be 2 + 2/(2 + 0). Determine x(a).
-6
Suppose 2*b + 5*d = 47, 3*b + 5*d - d - 53 = 0. Let i(a) = a**3 - b*a**2 + 16*a**2 + 6*a - 2 + 4 + 0*a**2. Calculate i(-4).
-6
Let g(b) = -b**3 - 2*b**2 + 5*b - 5. Let y be (3 - 41)/19 + (-4)/(-1). What is g(y)?
-11
Let a(t) = -t**2 - 4*t + 3. Let h = -94 + 115. Suppose 0 = 7*l + 49 - h. Calculate a(l).
3
Let x(t) be the first derivative of -t**4/4 + t**3 - t**2/2 + t + 3. Suppose 12*m - 17*m + 10 = 0. Calculate x(m).
3
Suppose -232 = -10*b - 72. Let i(k) = -5 - 17*k + 6 + b*k. Give i(2).
-1
Let s(f) = 81*f + 76. Let u be s(-1). Let n(q) = -q**3 - 4*q**2 + 2*q - 3. What is n(u)?
12
Let j(v) = v**3 + 3*v**2 - 7*v - 6. Let f be (2 + 4)/(6/4). Suppose 0 = -7*c + f*c - 12. Determine j(c).
6
Let a(r) = 6*r - 1. Let y be (0/5 - -6)*-1 - 0. Give a(y).
-37
Let b(s) = 2 - s**2 + 74*s - 150*s + 78*s. Let n be (-3 - -9)*2/4. Suppose q = 6 - n. Give b(q).
-1
Let w = -17 + 18. Let y(v) be the first derivative of -v**4/2 - 2*v**3/3 + 3*v**2/2 - 2*v - 2. Let l be y(w). Let q(m) = m**2 - 2*m - 2. What is q(l)?
13
Let o(m) be the first derivative of m**4/24 + m**3/3 - 7*m**2 - 9. Let g(i) be the second derivative of o(i). Calculate g(-6).
-4
Let v(x) = 2*x**3 + 4*x**2 + 8*x + 34. Let g(n) = -n**3 - n**2 - 5*n - 17. Let h(c) = -13*g(c) - 6*v(c). Determine h(9).
8
Let d = -78 - -64. Let i(j) = 4*j - 4. Let t(x) = x - 1. Let g(p) = d*t(p) + 4*i(p). Calculate g(5).
8
Let k(f) be the first derivative of -f**3/6 + 19*f - 4. Let q(r) be the first derivative of k(r). Let m be (-4)/14 - 20/28. Calculate q(m).
1
Suppose -3*i + 20 = -5*a - 23, -29 = -4*i + a. Let h(y) be the second derivative of -1/12*y**4 - 7*y + 7/6*y**3 + 0 + 1/2*y**2. Give h(i).
7
Suppose -5*h - 3 = -4*v, 3*v = 7*v + 3*h - 11. Let l be -5 - (-1 - (-6)/v). Let w(t) be the second derivative of -t**4/12 - 4*t**3/3 - 2*t**2 + t. What is w(l)?
3
Let d(n) = n**2 - 3*n + 2. Let z(w) = -w**2 - 34*w + 38. Let s be z(-35). Determine d(s).
2
Let t(q) be the second derivative of q**3/2 + 6*q**2 + 219*q. Determine t(-9).
-15
Let u be 38/9 + 4/(-18). Let b(z) = -17*z**2 + u + 16*z**2 + 3. Suppose i = -3*f - 1 - 2, 4*i + 12 = -3*f. Give b(f).
7
Let r be 3/6 - 27/(-6). Suppose 0 = -r*l - 5*i + 50, 5*i - 6*i = -5*l + 26. Let q be 33/22*(-20)/l. Let o(v) = -v**3 - 4*v**2 + 5*v - 4. Give o(q).
-4
Let m(j) = -4*j + 18. Let k(h) = -3*h + 14. Let v(f) = -3*k(f) + 2*m(f). Let t(c) = c + 3. Let d be t(4). Let o = -12 + d. Determine v(o).
-11
Let v(i) = i**2 + 8*i + 2. Let f = 31 - 39. Let q be v(f). Let d(j) = j**2 - 3*j + 2. What is d(q)?
0
Suppose -15*d - 4 = -11*d. Let m be ((-25)/5 - -9) + 1 + d. Let j(z) = z**2 - 7*z + 3. Give j(m).
-9
Let o(c) = 2. Let i(n) = -2*n + 20. Let j(l) = -i(l) + 12*o(l). Determine j(-6).
-8
Let a be -1*3/9*-1*-6. Let m(v) = -v + 1. What is m(a)?
3
Let n = -168 - -174. Let r(c) = -c - 8 + 2*c + 0*c. What is r(n)?
-2
Let t be 6360/720 - 1/(-6). Let y(l) = l**3 - 11*l**2 + 13*l - 4. Determine y(t).
-49
Let t = -2352 - -2350. Let h(f) = -14*f - 2. Determine h(t).
26
Let h(t) = -28*t. Let o be (-5)/(-2) - (-5)/(-50)*15. Calculate h(o).
-28
Let o(j) = 2*j - 4. Suppose 0*s - 39 = -2*s - t, t - 102 = -5*s. Let z = 27 - s. Determine o(z).
8
Let r(t) = t**2 + 7*t + 2. Let p(c) = -c**2 + 12*c + 41. Let b be p(15). What is r(b)?
-10
Let j(g) be the second derivative of g**7/840 - 7*g**6/360 - g**5/120 + g**4/24 + 2*g**3 - 5*g. Let d(v) be the second derivative of j(v). What is d(7)?
-6
Let n(j) = -7*j - 25. Let q be n(-5). Suppose 5*z - 20 = 0, -q = a - 5*z + 4. Let o(g) = -g**3 + 4*g**2 + 10*g - 8. Calculate o(a).
-20
Let x(v) be the third derivative of v**5/60 + 7*v**4/24 + v**3/6 + 29*v**2 + 2*v. Give x(-6).
-5
Let w(t) = -30*t - 385. Let u be w(-13). Let i(f) = 2*f**2 - 5*f - 7. Determine i(u).
18
Let d be ((-2)/1 - 3)/(13/13). Let v(h) = h**3 + 4*h**2 - 6*h - 6. Calculate v(d).
-1
Let n(l) = -8*l. Suppose 15*f + 39 = 14*f. Let k be (f/(-6) + -4)*(-18)/15. Determine n(k).
24
Let f(s) = 10*s**3 + 31*s**2 - 4*s. Let x(b) = 3*b**3 + 10*b**2 - b. Let k(o) = 2*f(o) - 7*x(o). Determine k(-8).
8
Let b(k) = -2*k + 7. Let g(v) = v - 3. Let p(l) = 2*b(l) + 5*g(l). Let z(u) = 2*u - 2. Let f(s) = p(s) - z(s). Let q be 2 - 0 - (3 - 2). What is f(q)?
0
Let q = 31 - 35. Let b be (9/q)/(18/48). Let y(t) = t**3 + 5*t**2 - 5*t + 8. What is y(b)?
2
Let o = -5 + 41. Let s(f) = -33*f + 7 - 28*f + 96*f - o*f. Suppose 2*c + 6 = 18. What is s(c)?
1
Let y(p) = -p**2 - 6. Suppose -3*o - 55 = -4. Let r(l) = 3*l**2 + l + 18. Let x(h) = o*y(h) - 6*r(h). Calculate x(-6).
-6
Let q(i) = -i + 1 + i**2 - i - 2*i. Let y = -199 - -203. Determine q(y).
1
Let i(x) be the third derivative of -x**6/120 - 11*x**5/60 + x**4/12 + 11*x**3/6 - 2*x**2 + 300*x. Give i(-11).
-11
Suppose 26*t + 12 = 22*t + 4*m, -m = 4*t + 37. Let d(c) = -2*c + 6*c - 2*c + 11. Determine d(t).
-5
Let x(k) be the first derivative of -k**3/3 - 5*k**2/2 + 19. Let u be x(-5). Let p(w) = w**2 - w - 10. What is p(u)?
-10
Let g = 2 + 1. Let l(x) = 2*x + 135*x**3 + 0 - 2 + 46*x**3 - 179*x**3 - 4*x**2. Give l(g).
22
Let n(o) = -7*o**3 - o**2 - 9*o - 1. Let z(g) = -3*g**3 - g**2 - 4*g - 1. Let i(u) = 4*n(u) - 9*z(u). Determine i(5).
5
Let b = -514 + 508. Let u(v) = 5*v**2 + v + 8. Let s(f) = -11*f**2 - 3*f - 17. Let g(d) = 6*s(d) + 13*u(d). Calculate g(b).
-4
Let h(r) = -1 + 285*r**2 - 142*r**2 + r - 142*r**2. What is h(-1)?
-1
Let l(f) be the third derivative of 35*f**2 + 0*f - 1/8*f**4 + 0 - 1/60*f**5 + 1/2*f**3. Determine l(-5).
-7
Let z be (2/6 - (-4)/(-3))/1. Let t(q) = 6*q - 3. What is t(z)?
-9
Let s(j) = -j - 7. Let l(i) = -i**3 - 16*i**2 - i - 16. Let d = -19 + 3. Let o be l(d). What is s(o)?
-7
Let v(m) be the second derivative of m**5/5 - m**4/3 + 2*m**3/3 - 3*m**2/2 - 255*m. Give v(2).
21
Let l = 189 + -185. Let p(r) = -r. What is p(l)?
-4
Let f(y) = -8*y - 1. Suppose 4*b + 5*c + 9 = 0, -3*b - 5*c - 4 - 4 = 0. Let v be f(b). Let a(k) = -6 + 5*k**2 + 10 + 8*k - 4*k**2 - v. Give a(-6).
-15
Let k(x) = 114*x - 219. Let d be k(2). Let r(c) be the second derivative of -c**2 + d*c + 1/6*c**3 + 0. What is r(3)?
1
Let m(y) be the first derivative of -y**6/360 - y**5/120 + y**3/3 - 2. Let j(d) be the third derivative of m(d). Let s be 0 + -7 + (-1)/(-1)*3. Calculate j(s).
-12
Suppose 4*s + 12 = 7*s. Suppose 0*h = 4*l + s*h + 4, 2 = -5*l - 4*h. Let z(u) = 6*u + 5 + u**2 - l - 2. Give z(-6).
1
Let t(g) be the second derivative of -g**5/20 - g**4/4 + 2*g**3/3 - g**2/2 - 54*g. Give t(-4).
-1
Let k = -5 + 7. Let p = k - -2. Let z(r) = r**2 - 4*r + 6. Let i be z(p). Let f(g) = -g**3 + 7*g**2 - 6*g - 6. Give f(i).
-6
Let g(w) = -w**2 - 38*w - 6. Let v(x) = 6*x + 1. Let z(n) = -2*g(n) - 13*v(n). Suppose 5*r - 10 = -0*r. Determine z(r).
3
Let t be (-2)/1 - 1680/(-168). Let k(b) = -b + 9. Give k(t).
1
Let d(c) = -2*c**2 - c + 8. Let v(h) = -2*h**2 + 3 + h**2 + 0*h**2 + 1. Let s(p) = -4*d(p) + 9*v(p). Suppose r - 18 = -12. Calculate s(r).
-8
Let z(c) be the second derivative of c**5/60 - 3*c**4/8 + 3*c**3/2 - 21*c**2/2 - 17*c. Let j(r) be the first derivative of z(r). What is j(6)?
-9
Let u(f) = 4*f - 3*f**3 - 3 + f**3 + f**3 - 4 + 5*f**2. Suppose -5*h + 20 - 5 = 5*o, -h + 3*o = -11. Give u(h).
13
Let z(u) be the second derivative of 1/60*u**5 + 11*u - 6*u**2 + 1/3*u**3 - 1/8*u**4 + 0. Let p(h) be the first derivative of z(h). Determine p(3).
2
Let g(y) = 8*y**3 + 2*y**2 - 1. Let a be 0/(0/(-2) + 2). Suppose -4*o - 4 = -4*w, -5*w + 4 = -4*o - a*w. Determine g(o).
-7
Let n(a) = a**2 + 5*a + 3. Suppose -8*o - 36 = -28. Calculate n(o).
-1
Let u(q) = -q**3 + 15*q**2 - 13*q - 12. Suppose w - 26 = -3*n, 2*w - 8 = -6*n + 11*n. Calculate u(w).
2
Let k(s) = 113 - 227 + 112 + 7*s - 2*s**2. What is k(3)?
1
Let a(s) = 15*s + 119. Let k be a(-9). Let z(d) = d + 4. Calculate z(k).
-12
Suppose -4*l - 20 = 0, 33*k = 32*k + 2*l + 5.